{"id":9275,"date":"2026-01-09T13:28:25","date_gmt":"2026-01-09T18:28:25","guid":{"rendered":"https:\/\/www.12rbc.ca\/?post_type=galerie&#038;p=9275"},"modified":"2026-01-09T13:28:27","modified_gmt":"2026-01-09T18:28:27","slug":"assemblees-generales-annuelles-de-lassociation-et-sa-fiducie","status":"publish","type":"galerie","link":"https:\/\/www.12rbc.ca\/en\/medias\/assemblees-generales-annuelles-de-lassociation-et-sa-fiducie\/","title":{"rendered":"Assembl\u00e9es g\u00e9n\u00e9rales annuelles de l\u2019Association et sa Fiducie"},"content":{"rendered":"\n<h3 class=\"wp-block-heading\">En visioconf\u00e9rence via la plateforme Zoom au:<\/h3>\n\n\n\n<p><a href=\"https:\/\/us02web.zoom.us\/j\/86408080808?pwd=zJ1nb4Zvvedh82yl8ndbsddw6aomrR.1\">https:\/\/us02web.zoom.us\/j\/86408080808?pwd=zJ1nb4Zvvedh82yl8ndbsddw6aomrR.1<\/a><\/p>\n\n\n\n<p>Documents \u00e0 consulter:<\/p>\n\n\n\n<p><a href=\"https:\/\/www.12rbc.ca\/wp-content\/uploads\/2025\/11\/avis-convocation-aga-de-l-association-11-decembre-2025.pdf\">Avis convocation AGA de l\u2019Association \u2013 11 d\u00e9cembre 2025<\/a><\/p>\n\n\n\n<p><\/p>\n","protected":false},"featured_media":0,"template":"","class_list":["post-9275","galerie","type-galerie","status-publish","hentry"],"acf":[],"yoast_head":"<!-- This site is optimized with the Yoast SEO plugin v27.5 - https:\/\/yoast.com\/product\/yoast-seo-wordpress\/ -->\n<title>Assembl\u00e9es g\u00e9n\u00e9rales annuelles de l\u2019Association et sa Fiducie - Association du 12i\u00e8me R\u00e9giment blind\u00e9 du Canada<\/title>\n<meta name=\"robots\" content=\"index, follow, max-snippet:-1, max-image-preview:large, max-video-preview:-1\" \/>\n<link rel=\"canonical\" href=\"https:\/\/www.12rbc.ca\/en\/medias\/assemblees-generales-annuelles-de-lassociation-et-sa-fiducie\/\" \/>\n<meta property=\"og:locale\" content=\"en_US\" \/>\n<meta property=\"og:type\" content=\"article\" \/>\n<meta property=\"og:title\" content=\"Assembl\u00e9es g\u00e9n\u00e9rales annuelles de l\u2019Association et sa Fiducie - Association du 12i\u00e8me R\u00e9giment blind\u00e9 du Canada\" \/>\n<meta property=\"og:description\" content=\"En visioconf\u00e9rence via la plateforme Zoom au: https:\/\/us02web.zoom.us\/j\/86408080808?pwd=zJ1nb4Zvvedh82yl8ndbsddw6aomrR.1 Documents \u00e0 consulter: Avis convocation AGA de l\u2019Association \u2013 11 d\u00e9cembre 2025\" \/>\n<meta property=\"og:url\" content=\"https:\/\/www.12rbc.ca\/en\/medias\/assemblees-generales-annuelles-de-lassociation-et-sa-fiducie\/\" \/>\n<meta property=\"og:site_name\" content=\"Association du 12i\u00e8me R\u00e9giment blind\u00e9 du Canada\" \/>\n<meta property=\"article:modified_time\" content=\"2026-01-09T18:28:27+00:00\" \/>\n<meta name=\"twitter:card\" content=\"summary_large_image\" \/>\n<meta name=\"twitter:label1\" content=\"Est. reading time\" \/>\n\t<meta name=\"twitter:data1\" content=\"1 minute\" \/>\n<script type=\"application\/ld+json\" class=\"yoast-schema-graph\">{\"@context\":\"https:\\\/\\\/schema.org\",\"@graph\":[{\"@type\":\"WebPage\",\"@id\":\"https:\\\/\\\/www.12rbc.ca\\\/en\\\/medias\\\/assemblees-generales-annuelles-de-lassociation-et-sa-fiducie\\\/\",\"url\":\"https:\\\/\\\/www.12rbc.ca\\\/en\\\/medias\\\/assemblees-generales-annuelles-de-lassociation-et-sa-fiducie\\\/\",\"name\":\"Assembl\u00e9es g\u00e9n\u00e9rales annuelles de l\u2019Association et sa Fiducie - Association du 12i\u00e8me R\u00e9giment blind\u00e9 du Canada\",\"isPartOf\":{\"@id\":\"https:\\\/\\\/www.12rbc.ca\\\/en\\\/#website\"},\"datePublished\":\"2026-01-09T18:28:25+00:00\",\"dateModified\":\"2026-01-09T18:28:27+00:00\",\"breadcrumb\":{\"@id\":\"https:\\\/\\\/www.12rbc.ca\\\/en\\\/medias\\\/assemblees-generales-annuelles-de-lassociation-et-sa-fiducie\\\/#breadcrumb\"},\"inLanguage\":\"en-US\",\"potentialAction\":[{\"@type\":\"ReadAction\",\"target\":[\"https:\\\/\\\/www.12rbc.ca\\\/en\\\/medias\\\/assemblees-generales-annuelles-de-lassociation-et-sa-fiducie\\\/\"]}]},{\"@type\":\"BreadcrumbList\",\"@id\":\"https:\\\/\\\/www.12rbc.ca\\\/en\\\/medias\\\/assemblees-generales-annuelles-de-lassociation-et-sa-fiducie\\\/#breadcrumb\",\"itemListElement\":[{\"@type\":\"ListItem\",\"position\":1,\"name\":\"Accueil\",\"item\":\"https:\\\/\\\/www.12rbc.ca\\\/en\\\/accueil\\\/\"},{\"@type\":\"ListItem\",\"position\":2,\"name\":\"Assembl\u00e9es g\u00e9n\u00e9rales annuelles de l\u2019Association et sa Fiducie\"}]},{\"@type\":\"WebSite\",\"@id\":\"https:\\\/\\\/www.12rbc.ca\\\/en\\\/#website\",\"url\":\"https:\\\/\\\/www.12rbc.ca\\\/en\\\/\",\"name\":\"Association du 12i\u00e8me R\u00e9giment blind\u00e9 du Canada\",\"description\":\"\",\"potentialAction\":[{\"@type\":\"SearchAction\",\"target\":{\"@type\":\"EntryPoint\",\"urlTemplate\":\"https:\\\/\\\/www.12rbc.ca\\\/en\\\/?s={search_term_string}\"},\"query-input\":{\"@type\":\"PropertyValueSpecification\",\"valueRequired\":true,\"valueName\":\"search_term_string\"}}],\"inLanguage\":\"en-US\"}]}<\/script>\n<!-- \/ Yoast SEO plugin. -->","yoast_head_json":{"title":"Assembl\u00e9es g\u00e9n\u00e9rales annuelles de l\u2019Association et sa Fiducie - Association du 12i\u00e8me R\u00e9giment blind\u00e9 du Canada","robots":{"index":"index","follow":"follow","max-snippet":"max-snippet:-1","max-image-preview":"max-image-preview:large","max-video-preview":"max-video-preview:-1"},"canonical":"https:\/\/www.12rbc.ca\/en\/medias\/assemblees-generales-annuelles-de-lassociation-et-sa-fiducie\/","og_locale":"en_US","og_type":"article","og_title":"Assembl\u00e9es g\u00e9n\u00e9rales annuelles de l\u2019Association et sa Fiducie - Association du 12i\u00e8me R\u00e9giment blind\u00e9 du Canada","og_description":"En visioconf\u00e9rence via la plateforme Zoom au: https:\/\/us02web.zoom.us\/j\/86408080808?pwd=zJ1nb4Zvvedh82yl8ndbsddw6aomrR.1 Documents \u00e0 consulter: Avis convocation AGA de l\u2019Association \u2013 11 d\u00e9cembre 2025","og_url":"https:\/\/www.12rbc.ca\/en\/medias\/assemblees-generales-annuelles-de-lassociation-et-sa-fiducie\/","og_site_name":"Association du 12i\u00e8me R\u00e9giment blind\u00e9 du Canada","article_modified_time":"2026-01-09T18:28:27+00:00","twitter_card":"summary_large_image","twitter_misc":{"Est. reading time":"1 minute"},"schema":{"@context":"https:\/\/schema.org","@graph":[{"@type":"WebPage","@id":"https:\/\/www.12rbc.ca\/en\/medias\/assemblees-generales-annuelles-de-lassociation-et-sa-fiducie\/","url":"https:\/\/www.12rbc.ca\/en\/medias\/assemblees-generales-annuelles-de-lassociation-et-sa-fiducie\/","name":"Assembl\u00e9es g\u00e9n\u00e9rales annuelles de l\u2019Association et sa Fiducie - Association du 12i\u00e8me R\u00e9giment blind\u00e9 du Canada","isPartOf":{"@id":"https:\/\/www.12rbc.ca\/en\/#website"},"datePublished":"2026-01-09T18:28:25+00:00","dateModified":"2026-01-09T18:28:27+00:00","breadcrumb":{"@id":"https:\/\/www.12rbc.ca\/en\/medias\/assemblees-generales-annuelles-de-lassociation-et-sa-fiducie\/#breadcrumb"},"inLanguage":"en-US","potentialAction":[{"@type":"ReadAction","target":["https:\/\/www.12rbc.ca\/en\/medias\/assemblees-generales-annuelles-de-lassociation-et-sa-fiducie\/"]}]},{"@type":"BreadcrumbList","@id":"https:\/\/www.12rbc.ca\/en\/medias\/assemblees-generales-annuelles-de-lassociation-et-sa-fiducie\/#breadcrumb","itemListElement":[{"@type":"ListItem","position":1,"name":"Accueil","item":"https:\/\/www.12rbc.ca\/en\/accueil\/"},{"@type":"ListItem","position":2,"name":"Assembl\u00e9es g\u00e9n\u00e9rales annuelles de l\u2019Association et sa Fiducie"}]},{"@type":"WebSite","@id":"https:\/\/www.12rbc.ca\/en\/#website","url":"https:\/\/www.12rbc.ca\/en\/","name":"Association du 12i\u00e8me R\u00e9giment blind\u00e9 du Canada","description":"","potentialAction":[{"@type":"SearchAction","target":{"@type":"EntryPoint","urlTemplate":"https:\/\/www.12rbc.ca\/en\/?s={search_term_string}"},"query-input":{"@type":"PropertyValueSpecification","valueRequired":true,"valueName":"search_term_string"}}],"inLanguage":"en-US"}]}},"jetpack_sharing_enabled":true,"_links":{"self":[{"href":"https:\/\/www.12rbc.ca\/en\/wp-json\/wp\/v2\/galerie\/9275","targetHints":{"allow":["GET"]}}],"collection":[{"href":"https:\/\/www.12rbc.ca\/en\/wp-json\/wp\/v2\/galerie"}],"about":[{"href":"https:\/\/www.12rbc.ca\/en\/wp-json\/wp\/v2\/types\/galerie"}],"wp:attachment":[{"href":"https:\/\/www.12rbc.ca\/en\/wp-json\/wp\/v2\/media?parent=9275"}],"curies":[{"name":"wp","href":"https:\/\/api.w.org\/{rel}","templated":true}]}}

Assemblées générales annuelles de l’Association et sa Fiducie

<h3 class="wp-block-heading">En visioconférence via la plateforme Zoom au:</h3>



<p><a href="https://us02web.zoom.us/j/86408080808?pwd=zJ1nb4Zvvedh82yl8ndbsddw6aomrR.1">https://us02web.zoom.us/j/86408080808?pwd=zJ1nb4Zvvedh82yl8ndbsddw6aomrR.1</a></p>



<p>Documents à consulter:</p>



<p><a href="https://www.12rbc.ca/wp-content/uploads/2025/11/avis-convocation-aga-de-l-association-11-decembre-2025.pdf">Avis convocation AGA de l’Association – 11 décembre 2025</a></p>



<p></p>

<!-- This site is optimized with the Yoast SEO plugin v27.5 - https://yoast.com/product/yoast-seo-wordpress/ -->
<title>Assemblées générales annuelles de l’Association et sa Fiducie - Association du 12ième Régiment blindé du Canada</title>
<meta name="robots" content="index, follow, max-snippet:-1, max-image-preview:large, max-video-preview:-1" />
<link rel="canonical" href="https://www.12rbc.ca/en/medias/assemblees-generales-annuelles-de-lassociation-et-sa-fiducie/" />
<meta property="og:locale" content="en_US" />
<meta property="og:type" content="article" />
<meta property="og:title" content="Assemblées générales annuelles de l’Association et sa Fiducie - Association du 12ième Régiment blindé du Canada" />
<meta property="og:description" content="En visioconférence via la plateforme Zoom au: https://us02web.zoom.us/j/86408080808?pwd=zJ1nb4Zvvedh82yl8ndbsddw6aomrR.1 Documents à consulter: Avis convocation AGA de l’Association – 11 décembre 2025" />
<meta property="og:url" content="https://www.12rbc.ca/en/medias/assemblees-generales-annuelles-de-lassociation-et-sa-fiducie/" />
<meta property="og:site_name" content="Association du 12ième Régiment blindé du Canada" />
<meta property="article:modified_time" content="2026-01-09T18:28:27+00:00" />
<meta name="twitter:card" content="summary_large_image" />
<meta name="twitter:label1" content="Est. reading time" />
	<meta name="twitter:data1" content="1 minute" />
<script type="application/ld+json" class="yoast-schema-graph">{"@context":"https:\/\/schema.org","@graph":[{"@type":"WebPage","@id":"https:\/\/www.12rbc.ca\/en\/medias\/assemblees-generales-annuelles-de-lassociation-et-sa-fiducie\/","url":"https:\/\/www.12rbc.ca\/en\/medias\/assemblees-generales-annuelles-de-lassociation-et-sa-fiducie\/","name":"Assemblées générales annuelles de l’Association et sa Fiducie - Association du 12ième Régiment blindé du Canada","isPartOf":{"@id":"https:\/\/www.12rbc.ca\/en\/#website"},"datePublished":"2026-01-09T18:28:25+00:00","dateModified":"2026-01-09T18:28:27+00:00","breadcrumb":{"@id":"https:\/\/www.12rbc.ca\/en\/medias\/assemblees-generales-annuelles-de-lassociation-et-sa-fiducie\/#breadcrumb"},"inLanguage":"en-US","potentialAction":[{"@type":"ReadAction","target":["https:\/\/www.12rbc.ca\/en\/medias\/assemblees-generales-annuelles-de-lassociation-et-sa-fiducie\/"]}]},{"@type":"BreadcrumbList","@id":"https:\/\/www.12rbc.ca\/en\/medias\/assemblees-generales-annuelles-de-lassociation-et-sa-fiducie\/#breadcrumb","itemListElement":[{"@type":"ListItem","position":1,"name":"Accueil","item":"https:\/\/www.12rbc.ca\/en\/accueil\/"},{"@type":"ListItem","position":2,"name":"Assemblées générales annuelles de l’Association et sa Fiducie"}]},{"@type":"WebSite","@id":"https:\/\/www.12rbc.ca\/en\/#website","url":"https:\/\/www.12rbc.ca\/en\/","name":"Association du 12ième Régiment blindé du Canada","description":"","potentialAction":[{"@type":"SearchAction","target":{"@type":"EntryPoint","urlTemplate":"https:\/\/www.12rbc.ca\/en\/?s={search_term_string}"},"query-input":{"@type":"PropertyValueSpecification","valueRequired":true,"valueName":"search_term_string"}}],"inLanguage":"en-US"}]}</script>
<!-- / Yoast SEO plugin. -->

Assemblées générales annuelles de l’Association et sa Fiducie - Association du 12ième Régiment blindé du Canada

En visioconférence via la plateforme Zoom au: https://us02web.zoom.us/j/86408080808?pwd=zJ1nb4Zvvedh82yl8ndbsddw6aomrR.1 Documents à consulter: Avis convocation AGA de l’Association – 11 décembre 2025

Association du 12ième Régiment blindé du Canada
